ppose 2*g + 18 - 28 = 0. Let y(h) = h**3 + 7*h**2 - 16*h - 15. Let u(v) = g*y(v) - 6*k(v). What is u(-7)?
-19
Suppose -154*q = -149*q - 40. Let k(n) = -q*n - 5 - 13 - n**2 + 4 - n. Give k(-6).
4
Let o(c) be the first derivative of -1/2*c**2 + 106 - 7/3*c**3 + 6*c + 1/4*c**4. What is o(6)?
-36
Let z(k) = -7*k**2 - k - 2. Let r(b) = -13*b**2 - 2*b - 9. Let t(v) = 13*v**2 + 2*v + 7. Let x(j) = 2*r(j) + 3*t(j). Let f(q) = -4*x(q) - 7*z(q). Give f(2).
-12
Let s(g) be the first derivative of -g**5/15 - g**4/24 + g**3/3 + 31*g**2 + 185. Let w(o) be the third derivative of s(o). What is w(2)?
-17
Let r(b) = b**2 + 9*b - 9. Let l(g) = 2*g - 27. Let c be l(11). Let z(t) = t**2 + 10*t - 11. Let v(q) = c*r(q) + 4*z(q). Give v(-6).
-5
Let m(u) = -14*u - 59. Let a(c) = 44*c - 3967. Let z be a(90). What is m(z)?
39
Let l(c) = 0 + 2 - 1. Let d(g) be the third derivative of -g**4/12 - 7*g**3/6 - 2308*g**2. Let t(w) = -d(w) + 2*l(w). What is t(-6)?
-3
Let p be (-6)/9 + 4/6. Let b(i) = 15*i**2 - 5*i**2 - 5 + 10*i**2 + 3 - 37*i**2 + 15*i**2. What is b(p)?
-2
Suppose s + 0 = 4*m - 7, -4 = -m. Suppose 4*d + s*d + 104 = 0. Let x(t) = -2*t**2 - 15*t + 9. Give x(d).
1
Let y(o) = -o**2 + 25*o - 15. Let r = -13618 + 13643. Determine y(r).
-15
Suppose -2*w + 2*k - 2 = 0, 3*w - 5*w = -3*k + 5. Let o(x) = -29*x**2 - x + 0*x + 40*x**w - 12*x**2 + x**3. Calculate o(1).
-1
Let m = -192 - -348. Let b = m + -159. Let i(s) = s + 6. Determine i(b).
3
Let h(l) = -2*l. Let m be (-2)/4 - 15/(-6) - -4. Let f be (14/(-6) + 1)/(m/9). What is h(f)?
4
Let f(t) be the third derivative of -2*t**2 + 2/3*t**3 + 0 - 1/10*t**5 - 1/120*t**6 - 1/12*t**4 + 19*t. What is f(-5)?
-11
Let o(f) = 2*f - 2. Let x be (-1 - -2 - (12 - 10))*361. Let v = x - -365. Determine o(v).
6
Let z(h) = 2*h + 1. Let j be z(1). Let k(b) be the third derivative of b**5/60 - b**4/12 - b**3 + 268572*b**2. Calculate k(j).
-3
Let z(m) = m**2 - 4*m - 7. Suppose -r = 5*f - 56, -2*r - 3*r + 160 = f. Suppose -179 = -r*p + 7. Give z(p).
5
Let q(j) = -j**2 + 3*j + 7. Suppose -12*f = -6*f. Suppose -4*g + a + 2*a + 33 = f, -g + 5*a + 21 = 0. Suppose -6 = -7*x + g*x. Give q(x).
-11
Let f(z) = 2*z + z - 5*z - 5. Let m(d) = -d**2 - 18*d - 61. Let w be m(-13). Suppose -h - w*i = 6, -11*i + 8*i = 4*h + 24. Calculate f(h).
7
Let s(u) = 4*u + 65. Let j be s(-8). Let m(w) = 35*w**2 + j*w**2 - 69*w**2 - 5 + 3*w. Give m(5).
-15
Let x(p) be the first derivative of -p**4/2 + 17*p**3/3 - 5*p**2 + 7*p - 289. Give x(8).
-9
Let r(a) be the first derivative of -121 - 1/2*a**2 + 2*a + 4/3*a**3 + 1/4*a**4. Calculate r(-5).
-18
Let k be (4/3)/((-12)/54). Let c be 3885/74 + (-2)/4. Let j(r) = r**2 + 0*r**2 - 3 + 59*r - c*r. Determine j(k).
-9
Let w(p) = 25*p - 419. Let z(s) = -8*s + 155. Let d(m) = 4*w(m) + 11*z(m). What is d(-3)?
-7
Suppose 0 = -0*s - 4*s + 228. Let g = -45 + s. Let u(n) = -n**2 + 12*n + 3. Give u(g).
3
Let u(a) = -4*a**2 - a - 1. Let r(t) = -t**3 - 3*t + 3. Let g be r(2). Let s(v) = 37 - 10*v**2 - 65 + 12*v - v**3 + 38. Let w be s(g). Calculate u(w).
-4
Let q = -2732 + 2730. Let c(x) = -7*x - 3. Calculate c(q).
11
Let f be (-10)/(-80)*88 - 16. Let r(m) = -20*m**3 + 2*m**2 - 17*m + 11. Let g(q) = 7*q**3 - q**2 + 6*q - 4. Let t(c) = -17*g(c) - 6*r(c). Determine t(f).
2
Let h = -29 + 44. Let l(w) = 3 - 7 - h + 7*w. Let r(a) = -3*a + 9. Let c(p) = -2*l(p) - 5*r(p). Determine c(6).
-1
Let i(v) = -502*v - v**2 + 0 + 503*v + 2*v**3 - 1. Let d(x) = -x**3 - x**2 - 1. Let l(h) = d(h) - i(h). Determine l(2).
-26
Let n(v) = -v**3 + 43*v**2 - 332*v + 54. Let p be n(33). Let y(a) = -a**3 - 13*a**2 - 3*a + 7. What is y(p)?
-101
Let w = -13323 - -13328. Let i(n) = -n**3 + 4*n**2 + 9*n - 23. Calculate i(w).
-3
Let g(m) = -m**3 - 5*m**2 + 6*m + 6. Suppose -5*j = -5*b - 110, -b + 78 = 3*j + j. Suppose j = 603*a - 607*a. Calculate g(a).
-24
Suppose -7*u - 12 = -5*u. Let n(v) = 2*v**3 + 14*v**2 + 12*v + 1. Let l be n(u). Let o(a) = -18*a + 1. Calculate o(l).
-17
Let y(s) be the first derivative of -s**4/12 - 5*s**3/6 - s**2/2 + 35*s - 37. Let z(d) be the first derivative of y(d). Give z(-4).
3
Let t(s) = 9*s**3 - 2*s**2 - 15*s + 1. Let g(z) = 46*z**3 - 9*z**2 - 69*z + 5. Let n(v) = -3*g(v) + 14*t(v). Determine n(-1).
13
Let v(h) be the second derivative of -h**4/6 - h**3/2 - 66*h**2 - 46*h. Let d(b) be the first derivative of v(b). Give d(-3).
9
Let l(v) = 26*v + 25. Let m(d) = 17*d + 15. Let b(g) = 5*l(g) - 8*m(g). What is b(4)?
-19
Suppose -583 = -8*c + 697. Let p(q) = 2 - c*q + 312*q + 2*q**2 - 155*q. What is p(3)?
11
Let s(g) = 6*g + 19. Let n(i) = 1. Let f(m) = 4*m + 25. Let a be f(-6). Let z(x) = a*s(x) - 6*n(x). Let q be z(-3). Let u(k) = -k + 5. Calculate u(q).
10
Let a(j) = -j**3 - 6*j**2 - j + 1. Let q be 1*-3 - (69 - 35). Let v = q + 31. Calculate a(v).
7
Let j(c) be the third derivative of c**4/12 - 11*c**3/6 - 224*c**2. Give j(-4).
-19
Let u = 11871 - 11843. Let h(g) = -2*g**2 + 58*g - 50. Determine h(u).
6
Let n(t) be the first derivative of 15*t**2 - 2*t + 740. Determine n(-2).
-62
Suppose 33 = 7*n - 5 - 25. Let m(v) = 7*v - 54. Calculate m(n).
9
Let c(r) = 3*r**2 - 6*r - 1. Let m(l) = -9*l**2 + 187*l + 43. Let v be m(21). Determine c(v).
-4
Let b be (-8*(-272)/128)/(2/(-2)). Let o(k) = k - 36. Calculate o(b).
-53
Suppose 9*u + 8 + 28 = 0. Let i be ((-45)/u)/9*4. Let j(b) = -b**3 - i*b + 0*b**3 - 2*b - 1 + 5 + 7*b**2. What is j(6)?
-2
Let z = -146 - -170. Let c(y) = y**3 - 26*y**2 + 48*y + 6. Determine c(z).
6
Let h be (-3)/(-3 + -4 - (-88)/13). Let o(n) = n**2 - 15*n - 4. Calculate o(h).
-30
Let r(m) be the third derivative of -284*m**2 + 1/24*m**4 + 1/6*m**3 + 0 + 0*m. Determine r(6).
7
Let s(d) = d - 4. Let c(n) = n**2 - 4*n - 9. Let w(a) = -2*c(a) + 4*s(a). Determine w(6).
2
Suppose 2*p - 18 = -2*d, -2*p + 36 - 6 = -2*d. Let i(a) be the first derivative of a**3/3 - 5*a**2 - 17*a + 746. Determine i(p).
7
Let x = -117 + 179. Suppose -7*u + x = -22. Suppose -8*a = -u*a + 32. Let t(s) = s**2 - 8*s - 11. What is t(a)?
-11
Suppose 2*j + 25 = -p, 17*j = 20*j - 4*p + 32. Let c(q) = q**3 + 10*q**2 - 25*q - 4. Give c(j).
8
Suppose 0 - 6 = -2*z. Suppose -5*v + 10 - 41 = z*m, -2*m = 2*v + 14. Let y(c) = -18*c + 50. Let w(b) = 13*b - 34. Let r(f) = 7*w(f) + 5*y(f). Give r(v).
7
Let f(l) = l + 9. Let v be 10/25 - 234/(-65). Let w(i) = i + 11. Let a(j) = v*w(j) - 5*f(j). Calculate a(3).
-4
Let g(w) be the second derivative of 5*w**3/6 - 4*w**2 + 2*w - 11. Let v(j) = 29*j - 38. Let q(y) = 11*g(y) - 2*v(y). Give q(-8).
12
Let o(l) be the second derivative of 13/2*l**2 - 51*l + 2 - 1/20*l**5 - 3/2*l**3 - 5/6*l**4. Suppose -9 + 2 = -k - 4*m, 0 = 5*k + 2*m + 37. Give o(k).
13
Let m(k) = -k**2 - 29*k - 205. Let a be m(-17). Let w(b) be the second derivative of b**5/20 + b**4/12 - b**3/6 - b**2/2 + 4*b. Determine w(a).
0
Let t = 458 - 413. Suppose -361*l = -366*l + t. Let j(h) = -h**2 + 8*h + 8. What is j(l)?
-1
Let z = 46 - 99. Let o = -55 - z. Let p(v) be the first derivative of 3*v**2 + 2*v + 7. Determine p(o).
-10
Let o(j) be the second derivative of -j**3 + 29*j**2 + 3*j - 649. Determine o(5).
28
Let l(g) = -18*g**2 + 324*g + 379. Let h(x) = 10*x**2 - 160*x - 192. Let u(q) = 5*h(q) + 3*l(q). What is u(44)?
1
Let d(r) = -41*r**3. Let s be (40/60)/((-6)/45 - 0). Let w(y) = 2*y + 9. Let v be w(s). Determine d(v).
41
Let z(l) = 15*l + 225. Let a(w) = 9*w + 138. Let x(p) = 12*a(p) - 7*z(p). Determine x(15).
126
Let q be (-4)/(-6 + 7) - -4. Suppose -5*z - 3*z + 88 = q. Let j(x) = x**3 - 11*x**2 - 11. Determine j(z).
-11
Suppose x + 1 = g - 1, -5*x + 23 = 6*g. Let u(j) be the second derivative of 17/6*j**3 - 5*j + 0 + 1/2*j**2. What is u(x)?
18
Let b(x) = x**2 - 8*x + 6. Let l(r) be the second derivative of -r**4/12 + 3*r**3/2 - 7*r**2/2 - 3*r - 7. Let a(f) = -3*b(f) - 2*l(f). What is a(5)?
1
Let n(d) = d. Let y(u) = -2*u + 4. Let s(q) = -n(q) + y(q). Suppose 3*t = -4*p - 497 - 480, -5*p + 659 = -2*t. Let w = t - -324. Give s(w).
13
Let t(m) = -3*m**3 + 5*m**2 - 7*m - 23. Let s(i) = -34 + 8*i**2 - 4*i**3 + 0*i**3 - 8*i**2 - 10*i + 7*i**2. Let b(n) = 5*s(n) - 7*t(n). What is b(0)?
-9
Let y(t) be the second derivative of -t**5/20 - t**4/3 - 5*t**3/6 - 10*t**2 - 315*t. Calculate y(-4).
0
Let c(b) = -b**3 + 10*b**2 + 8*b - 18. Let m be c(11). Let j be (-1)/(